mainder when 5816 is divided by 661.
528
Calculate the remainder when 524218 is divided by 95.
8
Calculate the remainder when 8536 is divided by 117.
112
What is the remainder when 9368 is divided by 120?
8
What is the remainder when 20249 is divided by 5?
4
Calculate the remainder when 14938 is divided by 2131.
21
What is the remainder when 1295416 is divided by 43?
41
Calculate the remainder when 204892 is divided by 65.
12
Calculate the remainder when 802520 is divided by 27.
26
Calculate the remainder when 99795 is divided by 12470.
35
What is the remainder when 3240 is divided by 295?
290
Calculate the remainder when 5393 is divided by 1300.
193
What is the remainder when 4264 is divided by 2118?
28
Calculate the remainder when 29544 is divided by 4924.
0
Calculate the remainder when 2097 is divided by 472.
209
Calculate the remainder when 12564 is divided by 238.
188
Calculate the remainder when 720 is divided by 183.
171
What is the remainder when 2899 is divided by 134?
85
What is the remainder when 5426 is divided by 543?
539
Calculate the remainder when 741 is divided by 236.
33
What is the remainder when 571003 is divided by 9?
7
Calculate the remainder when 891 is divided by 453.
438
Calculate the remainder when 17008 is divided by 941.
70
Calculate the remainder when 229567 is divided by 177.
175
Calculate the remainder when 6885 is divided by 61.
53
What is the remainder when 13337 is divided by 6656?
25
What is the remainder when 181798 is divided by 1748?
6
Calculate the remainder when 683 is divided by 137.
135
Calculate the remainder when 366339 is divided by 60.
39
What is the remainder when 3805 is divided by 1265?
10
Calculate the remainder when 10754 is divided by 8.
2
Calculate the remainder when 998 is divided by 126.
116
What is the remainder when 25996 is divided by 48?
28
Calculate the remainder when 593 is divided by 52.
21
What is the remainder when 48145 is divided by 423?
346
What is the remainder when 15751 is divided by 101?
96
What is the remainder when 36553 is divided by 13?
10
Calculate the remainder when 2311 is divided by 663.
322
Calculate the remainder when 1487 is divided by 168.
143
Calculate the remainder when 1381 is divided by 814.
567
Calculate the remainder when 1715 is divided by 42.
35
What is the remainder when 6387 is divided by 710?
707
Calculate the remainder when 845 is divided by 510.
335
Calculate the remainder when 11896 is divided by 73.
70
Calculate the remainder when 28268 is divided by 17.
14
Calculate the remainder when 127946 is divided by 46.
20
What is the remainder when 12047 is divided by 66?
35
What is the remainder when 2426 is divided by 67?
14
Calculate the remainder when 14691 is divided by 326.
21
What is the remainder when 929 is divided by 476?
453
What is the remainder when 484 is divided by 163?
158
Calculate the remainder when 5046 is divided by 32.
22
What is the remainder when 2101943 is divided by 14?
11
What is the remainder when 24953 is divided by 3117?
17
Calculate the remainder when 95447 is divided by 41.
40
What is the remainder when 39127 is divided by 296?
55
What is the remainder when 14332 is divided by 16?
12
Calculate the remainder when 53049 is divided by 10600.
49
Calculate the remainder when 9419 is divided by 3128.
35
Calculate the remainder when 176247 is divided by 11.
5
Calculate the remainder when 39665 is divided by 198.
65
What is the remainder when 2142097 is divided by 178508?
1
What is the remainder when 45259 is divided by 53?
50
What is the remainder when 681977 is divided by 52?
49
Calculate the remainder when 16103 is divided by 3.
2
What is the remainder when 26861 is divided by 121?
120
What is the remainder when 7997 is divided by 89?
76
What is the remainder when 749 is divided by 146?
19
Calculate the remainder when 16376 is divided by 273.
269
Calculate the remainder when 18402 is divided by 15.
12
What is the remainder when 9672 is divided by 3221?
9
Calculate the remainder when 3528 is divided by 878.
16
Calculate the remainder when 191956 is divided by 57.
37
What is the remainder when 14117 is divided by 631?
235
What is the remainder when 2273 is divided by 284?
1
What is the remainder when 212702 is divided by 136?
134
Calculate the remainder when 257876 is divided by 44.
36
What is the remainder when 1679 is divided by 22?
7
Calculate the remainder when 217248 is divided by 5.
3
What is the remainder when 19331 is divided by 90?
71
What is the remainder when 92424 is divided by 744?
168
What is the remainder when 2047 is divided by 16?
15
What is the remainder when 17055 is divided by 5681?
12
Calculate the remainder when 11297 is divided by 50.
47
What is the remainder when 395 is divided by 91?
31
Calculate the remainder when 192106 is divided by 3149.
17
What is the remainder when 40646 is divided by 92?
74
What is the remainder when 47237 is divided by 70?
57
What is the remainder when 12737 is divided by 1155?
32
What is the remainder when 2219 is divided by 223?
212
Calculate the remainder when 1420296 is divided by 131.
125
What is the remainder when 18120 is divided by 8517?
1086
Calculate the remainder when 423740 is divided by 48.
44
Calculate the remainder when 18150 is divided by 1401.
1338
Calculate the remainder when 1544 is divided by 813.
731
Calculate the remainder when 13977 is divided by 30.
27
What is the remainder when 556 is divided by 283?
273
What is the remainder when 66698 is divided by 43?
5
Calculate the remainder when 8777 is divided by 382.
373
What is the remainder when 6326 is divided by 283?
100
What is the remainder when 14291 is divided by 1587?
8
What is the remainder when 11612 is divided by 2315?
37
Calculate the remainder when 36649 is divided by 77.
74
What is the remainder when 795406 is divided by 28?
10
Calculate the remainder when 22887 is divided by 80.
7
Calculate the remainder when 131017 is divided by 65490.
37
Calculate the remainder when 11203 is divided by 89.
78
What is the remainder when 73976 is divided by 5?
1
What is the remainder when 65831 is divided by 145?
1
What is the remainder when 108967 is divided by 18?
13
What is the remainder when 1613496 is divided by 28?
24
Calculate the remainder when 255053 is divided by 180.
173
Calculate the remainder when 3820 is divided by 76.
20
Calculate the remainder when 19931 is divided by 223.
84
What is the remainder when 626236 is divided by 177?
10
What is the remainder when 400 is divided by 272?
128
What is the remainder when 1905 is divided by 732?
441
What is the remainder when 153058 is divided by 26?
22
What is the remainder when 112101 is divided by 9?
6
Calculate the remainder when 14946 is divided by 1534.
1140
What is the remainder when 1956 is divided by 275?
31
What is the remainder when 9764 is divided by 73?
55
What is the remainder when 2862 is divided by 16?
14
Calculate the remainder when 10762 is divided by 523.
302
What is the remainder when 17162 is divided by 207?
188
What is the remainder when 1323 is divided by 101?
10
Calculate the remainder when 3184 is divided by 982.
238
Calculate the remainder when 62860 is divided by 15696.
76
Calculate the remainder when 14142 is divided by 2357.
0
What is the remainder when 11560 is divided by 31?
28
What is the remainder when 416802 is divided by 15?
12
Calculate the remainder when 111691 is divided by 111674.
17
What is the remainder when 2660 is divided by 331?
12
What is the remainder when 5928 is divided by 744?
720
Calculate the remainder when 4867 is divided by 198.
115
What is the remainder when 1454 is divided by 55?
24
What is the remainder when 30524 is divided by 144?
140
What is the remainder when 352 is divided by 81?
28
What is the remainder when 895662 is divided by 213?
210
What is the remainder when 64178 is divided by 563?
559
What is the remainder when 4323 is divided by 55?
33
Calculate the remainder when 98050 is divided by 71.
70
Calculate the remainder when 28430 is divided by 51.
23
Calculate the remainder when 102704 is divided by 489.
14
What is the remainder when 13459 is divided by 4481?
16
What is the remainder when 1572328 is divided by 55?
43
What is the remainder when 14452 is divided by 1439?
62
Calculate the remainder